{"id":298,"date":"2024-08-15T15:33:41","date_gmt":"2024-08-15T15:33:41","guid":{"rendered":"https:\/\/colfarmi.com\/inicio\/?page_id=298"},"modified":"2024-08-15T15:38:04","modified_gmt":"2024-08-15T15:38:04","slug":"capacitaciones","status":"publish","type":"page","link":"https:\/\/colfarmi.com\/inicio\/capacitaciones\/","title":{"rendered":"Capacitaciones"},"content":{"rendered":"\n<div class=\"wp-block-group alignfull has-global-padding is-layout-constrained wp-container-core-group-is-layout-490fa1db wp-block-group-is-layout-constrained\" style=\"padding-top:var(--wp--preset--spacing--50);padding-right:var(--wp--preset--spacing--50);padding-bottom:var(--wp--preset--spacing--50);padding-left:var(--wp--preset--spacing--50)\">\n<div class=\"wp-block-group has-global-padding is-layout-constrained wp-container-core-group-is-layout-650790e1 wp-block-group-is-layout-constrained\">\n<h1 class=\"wp-block-heading has-text-align-center has-x-large-font-size\">Colfarmi comprometido con la capacitaci\u00f3n del colegiado<\/h1>\n\n\n\n<div style=\"height:1.25rem\" aria-hidden=\"true\" class=\"wp-block-spacer\"><\/div>\n\n\n\n<p class=\"has-text-align-center\">Desde Colfarmi consideramos que la capacitaci\u00f3n es una herramienta fundamental en el desarrollo de la profesi\u00f3n.<\/p>\n<\/div>\n\n\n\n<div style=\"height:var(--wp--preset--spacing--30)\" aria-hidden=\"true\" class=\"wp-block-spacer\"><\/div>\n\n\n\n<figure class=\"wp-block-image alignwide size-full is-style-rounded is-style-rounded--1\"><img loading=\"lazy\" decoding=\"async\" width=\"267\" height=\"148\" src=\"https:\/\/colfarmi.com\/inicio\/wp-content\/uploads\/2024\/08\/capacitacion.jpg\" alt=\"\" class=\"wp-image-300\"\/><\/figure>\n<\/div>\n\n\n\n<div class=\"wp-block-group alignfull has-base-2-background-color has-background has-global-padding is-layout-constrained wp-container-core-group-is-layout-669513ed wp-block-group-is-layout-constrained\" style=\"margin-top:0;margin-bottom:0;padding-top:var(--wp--preset--spacing--50);padding-right:var(--wp--preset--spacing--50);padding-bottom:var(--wp--preset--spacing--50);padding-left:var(--wp--preset--spacing--50)\">\n<div class=\"wp-block-columns alignwide is-layout-flex wp-container-core-columns-is-layout-d0bbbce0 wp-block-columns-is-layout-flex\">\n<div class=\"wp-block-column is-layout-flow wp-container-core-column-is-layout-e3d1c41b wp-block-column-is-layout-flow\">\n<h3 class=\"wp-block-heading has-text-align-left is-style-asterisk has-body-font-family has-medium-font-size\" style=\"font-style:normal;font-weight:600\">Capacitaci\u00f3n Idiomas<\/h3>\n\n\n\n<p class=\"has-text-align-left\"><a href=\"https:\/\/colfarmi.com\/inicio\/wp-content\/uploads\/2024\/07\/Beneficios\/Capacitacion\/Idiomas UNaM.jpg\" target=\"_blank\" rel=\"noreferrer noopener nofollow\">Proyecto idiomas UNaM<\/a><\/p>\n<\/div>\n\n\n\n<div class=\"wp-block-column is-layout-flow wp-container-core-column-is-layout-e3d1c41b wp-block-column-is-layout-flow\">\n<h3 class=\"wp-block-heading has-text-align-left is-style-asterisk has-body-font-family has-medium-font-size\" style=\"font-style:normal;font-weight:600\">FEFARA<\/h3>\n\n\n\n<p class=\"has-text-align-left\"><a href=\"https:\/\/fefara.educativa.org\" target=\"_blank\" rel=\"noreferrer noopener nofollow\">Fefara Capacita.<\/a><\/p>\n<\/div>\n\n\n\n<div class=\"wp-block-column is-layout-flow wp-container-core-column-is-layout-e3d1c41b wp-block-column-is-layout-flow\">\n<h3 class=\"wp-block-heading has-text-align-left is-style-asterisk has-body-font-family has-medium-font-size\" style=\"font-style:normal;font-weight:600\">.<\/h3>\n<\/div>\n<\/div>\n<\/div>\n","protected":false},"excerpt":{"rendered":"<p>Colfarmi comprometido con la capacitaci\u00f3n del colegiado Desde Colfarmi consideramos que la capacitaci\u00f3n es una herramienta fundamental en el desarrollo de la profesi\u00f3n. Capacitaci\u00f3n Idiomas Proyecto idiomas UNaM FEFARA Fefara Capacita. .<\/p>\n","protected":false},"author":2,"featured_media":0,"parent":0,"menu_order":0,"comment_status":"closed","ping_status":"closed","template":"","meta":{"footnotes":""},"class_list":["post-298","page","type-page","status-publish","hentry"],"_links":{"self":[{"href":"https:\/\/colfarmi.com\/inicio\/wp-json\/wp\/v2\/pages\/298","targetHints":{"allow":["GET"]}}],"collection":[{"href":"https:\/\/colfarmi.com\/inicio\/wp-json\/wp\/v2\/pages"}],"about":[{"href":"https:\/\/colfarmi.com\/inicio\/wp-json\/wp\/v2\/types\/page"}],"author":[{"embeddable":true,"href":"https:\/\/colfarmi.com\/inicio\/wp-json\/wp\/v2\/users\/2"}],"replies":[{"embeddable":true,"href":"https:\/\/colfarmi.com\/inicio\/wp-json\/wp\/v2\/comments?post=298"}],"version-history":[{"count":2,"href":"https:\/\/colfarmi.com\/inicio\/wp-json\/wp\/v2\/pages\/298\/revisions"}],"predecessor-version":[{"id":302,"href":"https:\/\/colfarmi.com\/inicio\/wp-json\/wp\/v2\/pages\/298\/revisions\/302"}],"wp:attachment":[{"href":"https:\/\/colfarmi.com\/inicio\/wp-json\/wp\/v2\/media?parent=298"}],"curies":[{"name":"wp","href":"https:\/\/api.w.org\/{rel}","templated":true}]}}

<div class="wp-block-group alignfull has-global-padding is-layout-constrained wp-container-core-group-is-layout-490fa1db wp-block-group-is-layout-constrained" style="padding-top:var(--wp--preset--spacing--50);padding-right:var(--wp--preset--spacing--50);padding-bottom:var(--wp--preset--spacing--50);padding-left:var(--wp--preset--spacing--50)">
<div class="wp-block-group has-global-padding is-layout-constrained wp-container-core-group-is-layout-650790e1 wp-block-group-is-layout-constrained">
<h1 class="wp-block-heading has-text-align-center has-x-large-font-size">Colfarmi comprometido con la capacitación del colegiado</h1>



<div style="height:1.25rem" aria-hidden="true" class="wp-block-spacer"></div>



<p class="has-text-align-center">Desde Colfarmi consideramos que la capacitación es una herramienta fundamental en el desarrollo de la profesión.</p>
</div>



<div style="height:var(--wp--preset--spacing--30)" aria-hidden="true" class="wp-block-spacer"></div>



<figure class="wp-block-image alignwide size-full is-style-rounded is-style-rounded--1"><img loading="lazy" decoding="async" width="267" height="148" src="https://colfarmi.com/inicio/wp-content/uploads/2024/08/capacitacion.jpg" alt="" class="wp-image-300"/></figure>
</div>



<div class="wp-block-group alignfull has-base-2-background-color has-background has-global-padding is-layout-constrained wp-container-core-group-is-layout-669513ed wp-block-group-is-layout-constrained" style="margin-top:0;margin-bottom:0;padding-top:var(--wp--preset--spacing--50);padding-right:var(--wp--preset--spacing--50);padding-bottom:var(--wp--preset--spacing--50);padding-left:var(--wp--preset--spacing--50)">
<div class="wp-block-columns alignwide is-layout-flex wp-container-core-columns-is-layout-d0bbbce0 wp-block-columns-is-layout-flex">
<div class="wp-block-column is-layout-flow wp-container-core-column-is-layout-e3d1c41b wp-block-column-is-layout-flow">
<h3 class="wp-block-heading has-text-align-left is-style-asterisk has-body-font-family has-medium-font-size" style="font-style:normal;font-weight:600">Capacitación Idiomas</h3>



<p class="has-text-align-left"><a href="https://colfarmi.com/inicio/wp-content/uploads/2024/07/Beneficios/Capacitacion/Idiomas UNaM.jpg" target="_blank" rel="noreferrer noopener nofollow">Proyecto idiomas UNaM</a></p>
</div>



<div class="wp-block-column is-layout-flow wp-container-core-column-is-layout-e3d1c41b wp-block-column-is-layout-flow">
<h3 class="wp-block-heading has-text-align-left is-style-asterisk has-body-font-family has-medium-font-size" style="font-style:normal;font-weight:600">FEFARA</h3>



<p class="has-text-align-left"><a href="https://fefara.educativa.org" target="_blank" rel="noreferrer noopener nofollow">Fefara Capacita.</a></p>
</div>



<div class="wp-block-column is-layout-flow wp-container-core-column-is-layout-e3d1c41b wp-block-column-is-layout-flow">
<h3 class="wp-block-heading has-text-align-left is-style-asterisk has-body-font-family has-medium-font-size" style="font-style:normal;font-weight:600">.</h3>
</div>
</div>
</div>

<p>Colfarmi comprometido con la capacitación del colegiado Desde Colfarmi consideramos que la capacitación es una herramienta fundamental en el desarrollo de la profesión. Capacitación Idiomas Proyecto idiomas UNaM FEFARA Fefara Capacita. .</p>
